s divided by 44?
41
What is the remainder when 16857 is divided by 96?
57
Calculate the remainder when 650 is divided by 184.
98
What is the remainder when 8087 is divided by 2687?
26
What is the remainder when 419376 is divided by 56?
48
Calculate the remainder when 9835 is divided by 1373.
224
What is the remainder when 389 is divided by 38?
9
What is the remainder when 42301 is divided by 13?
12
What is the remainder when 17265 is divided by 16873?
392
What is the remainder when 35956 is divided by 639?
172
Calculate the remainder when 17291 is divided by 640.
11
Calculate the remainder when 1078 is divided by 269.
2
Calculate the remainder when 130206 is divided by 209.
208
What is the remainder when 127033 is divided by 261?
187
Calculate the remainder when 33732 is divided by 444.
432
What is the remainder when 397525 is divided by 49689?
13
What is the remainder when 6037 is divided by 78?
31
What is the remainder when 695580 is divided by 34?
8
Calculate the remainder when 2845 is divided by 2836.
9
What is the remainder when 238438 is divided by 583?
574
What is the remainder when 8441762 is divided by 491?
490
What is the remainder when 392442 is divided by 317?
313
What is the remainder when 11026 is divided by 5350?
326
Calculate the remainder when 902 is divided by 8.
6
What is the remainder when 6523 is divided by 466?
465
What is the remainder when 51181 is divided by 575?
6
What is the remainder when 39335 is divided by 39331?
4
Calculate the remainder when 1607 is divided by 1573.
34
What is the remainder when 161158 is divided by 632?
630
What is the remainder when 30974 is divided by 5161?
8
Calculate the remainder when 11607 is divided by 724.
23
What is the remainder when 101890 is divided by 728?
698
What is the remainder when 75099 is divided by 20?
19
Calculate the remainder when 116603 is divided by 147.
32
What is the remainder when 565401 is divided by 225?
201
What is the remainder when 17138 is divided by 5701?
35
Calculate the remainder when 51617 is divided by 12904.
1
What is the remainder when 11379 is divided by 171?
93
Calculate the remainder when 210888 is divided by 75.
63
Calculate the remainder when 85104 is divided by 11.
8
What is the remainder when 7567 is divided by 4?
3
Calculate the remainder when 31366 is divided by 13.
10
Calculate the remainder when 28891 is divided by 14443.
5
Calculate the remainder when 9634 is divided by 11.
9
Calculate the remainder when 814 is divided by 804.
10
What is the remainder when 4200 is divided by 760?
400
What is the remainder when 79560 is divided by 33?
30
What is the remainder when 1818 is divided by 3?
0
Calculate the remainder when 7387 is divided by 1.
0
What is the remainder when 471133 is divided by 21?
19
Calculate the remainder when 6557 is divided by 3267.
23
What is the remainder when 1685 is divided by 801?
83
Calculate the remainder when 654415 is divided by 28.
27
What is the remainder when 165636 is divided by 22?
20
Calculate the remainder when 230344 is divided by 8531.
7
What is the remainder when 16570 is divided by 224?
218
Calculate the remainder when 10143 is divided by 805.
483
Calculate the remainder when 15928 is divided by 15921.
7
Calculate the remainder when 7180 is divided by 16.
12
Calculate the remainder when 9825 is divided by 491.
5
Calculate the remainder when 13506 is divided by 60.
6
Calculate the remainder when 35904 is divided by 270.
264
Calculate the remainder when 6868 is divided by 15.
13
What is the remainder when 6513 is divided by 18?
15
Calculate the remainder when 5607299 is divided by 100.
99
What is the remainder when 127063 is divided by 18145?
48
What is the remainder when 57455 is divided by 56?
55
What is the remainder when 9840 is divided by 219?
204
Calculate the remainder when 47233 is divided by 226.
225
What is the remainder when 33577 is divided by 1083?
4
Calculate the remainder when 7931 is divided by 517.
176
Calculate the remainder when 4949 is divided by 111.
65
What is the remainder when 1638 is divided by 69?
51
What is the remainder when 56857 is divided by 8122?
3
What is the remainder when 838165 is divided by 7?
6
What is the remainder when 2371 is divided by 1164?
43
What is the remainder when 378 is divided by 300?
78
What is the remainder when 14885 is divided by 4951?
32
What is the remainder when 446 is divided by 226?
220
What is the remainder when 536274 is divided by 4432?
2
Calculate the remainder when 10645 is divided by 427.
397
Calculate the remainder when 147492 is divided by 8.
4
Calculate the remainder when 37191 is divided by 36.
3
What is the remainder when 408313 is divided by 319?
312
What is the remainder when 9012 is divided by 2252?
4
Calculate the remainder when 922 is divided by 119.
89
What is the remainder when 44263 is divided by 31?
26
Calculate the remainder when 119380 is divided by 9.
4
What is the remainder when 939829 is divided by 542?
1
Calculate the remainder when 171732 is divided by 281.
41
Calculate the remainder when 9430 is divided by 63.
43
Calculate the remainder when 409622 is divided by 7.
3
Calculate the remainder when 28847 is divided by 4804.
23
What is the remainder when 83558 is divided by 13?
7
Calculate the remainder when 10048 is divided by 198.
148
What is the remainder when 18683 is divided by 500?
183
What is the remainder when 2442 is divided by 1147?
148
What is the remainder when 2270 is divided by 1127?
16
What is the remainder when 93169 is divided by 242?
241
What is the remainder when 5266406 is divided by 14?
12
Calculate the remainder when 40162 is divided by 235.
212
What is the remainder when 6233 is divided by 1701?
1130
Calculate the remainder when 1925 is divided by 560.
245
Calculate the remainder when 18099 is divided by 3614.
29
What is the remainder when 2409 is divided by 110?
99
What is the remainder when 130989 is divided by 10915?
9
What is the remainder when 1474 is divided by 476?
46
What is the remainder when 571066 is divided by 348?
346
What is the remainder when 2696823 is divided by 11?
8
What is the remainder when 928 is divided by 453?
22
Calculate the remainder when 53617 is divided by 197.
33
Calculate the remainder when 19525 is divided by 19500.
25
Calculate the remainder when 20575 is divided by 6230.
1885
Calculate the remainder when 10203057 is divided by 20.
17
What is the remainder when 137347 is divided by 22879?
73
What is the remainder when 68334 is divided by 26?
6
What is the remainder when 46861 is divided by 122?
13
What is the remainder when 245951 is divided by 64?
63
What is the remainder when 17663 is divided by 22?
19
What is the remainder when 28967 is divided by 7157?
339
What is the remainder when 1747 is divided by 829?
89
What is the remainder when 874 is divided by 628?
246
Calculate the remainder when 394 is divided by 52.
30
What is the remainder when 762112 is divided by 116?
108
Calculate the remainder when 15052 is divided by 247.
232
What is the remainder when 58040 is divided by 3411?
53
What is the remainder when 768 is divided by 525?
243
What is the remainder when 38964 is divided by 4869?
12
Calculate the remainder when 17870 is divided by 75.
20
What is the remainder when 1228 is divided by 88?
84
Calculate the remainder when 11793 is divided by 274.
11
What is the remainder when 35551 is divided by 7057?
266
What is the remainder when 4041 is divided by 100?
41
Calculate the remainder when 19147 is divided by 27.
4
Calculate the remainder when 5352322 is divided by 25.
22
Calculate the remainder when 9410 is divided by 1567.
8
Calculate the remainder when 972 is divided by 652.
320
Calculate the remainder when 102817 is divided by 101.
100
What is the remainder when 149109 is divided by 64?
53
What is the remainder when 131492 is divided by 186?
176
Calculate the remainder when 23037 is divided by 470.
7
Calculate the remainder when 1022210 is divided by 542.
540
Calculate the remainder when 52131 is divided by 26061.
9
Calculate the remainder when 32479 is divided by 10822.
13
What is the remainder when 137609 is divided by 99?
98
Calculate the remainder when 6700 is divided by 211.
159
What is the remainder when 5469147 is divided by 285?
282
Calculate the remai